{"id":8610,"date":"2023-04-07T11:02:12","date_gmt":"2023-04-07T09:02:12","guid":{"rendered":"https:\/\/www.agencija-lars.si\/trgovina\/?post_type=product&#038;p=8610"},"modified":"2026-02-01T19:05:57","modified_gmt":"2026-02-01T18:05:57","slug":"za-petaka-do-odlicnjaka","status":"publish","type":"product","link":"https:\/\/www.agencija-lars.si\/trgovina\/izdelek\/za-petaka-do-odlicnjaka\/","title":{"rendered":"Za petaka do odli\u010dnjaka: Kako se u\u010diti in Kako se u\u010diti 2"},"content":{"rendered":"<p><strong>Akcija ZA PETAKA DO ODLI\u010cNJAKA do odprodaje zalog<\/strong><\/p>\n<p>BREZ STRO\u0160KOV PO\u0160TNINE!<\/p>\n<p>Znanja na svetu je vsako leto za enkrat ve\u010d. Kar smo znali in vedeli v\u010deraj, danes morda \u0161e zadostuje, jutri pa temu bo ve\u010d tako.<\/p>\n<p>Skrajni \u010das je, da se nau\u010dimo u\u010diti.<\/p>\n<p>K sre\u010di so nevroznanstveniki v zadnjem desetletju odkrili u\u010dinkovite tehnike, ki nam lahko pri tem pomagajo.<\/p>\n<p>Ta odkritja lahko pomagajo tudi vam, \u010de ali ko se sre\u010dujete z ovirami pri u\u010denju in pomnjenju.<\/p>\n<h4>Knji\u017eica\u00a0<strong><a href=\"https:\/\/www.agencija-lars.si\/trgovina\/izdelek\/kako-se-uciti\/\">Kako se u\u010diti<\/a><\/strong><\/h4>\n<p>je namenjena vsem, ki \u017eelite spoznati ve\u0161\u010dino u\u010denja u\u010denja.<br \/>\nPodrobneje predstavlja teme, ki jih predavam tudi na spletnih treningih Kako se u\u010diti?<\/p>\n<p>Te so:<br \/>\nO u\u010denju in u\u010denju u\u010denja<br \/>\nKaj na\u0161i mo\u017egani potrebujejo za u\u010denje?<br \/>\nOdla\u0161anje in tehnike premagovanja odla\u0161anja<br \/>\nFokusirani in difuzni na\u010din razmi\u0161ljanja<br \/>\nIdeje, kako bolj u\u010dinkovito \u0161tudirati in delati<\/p>\n<h4>Knji\u017eica<strong><a href=\"https:\/\/www.agencija-lars.si\/trgovina\/izdelek\/kako-se-uciti-2\/\"> Kako se u\u010diti 2<\/a><\/strong><\/h4>\n<p>vas seznani z bistvenim delom u\u010denja &#8211; ponavljanjem. Ugotovili boste, kako s ponavljanjem uspe\u0161no tvorite gri\u017eljaje. S tem poskrbite, da znanje dolgo ali celo za vedno ostane v va\u0161em spominu.<\/p>\n<p>Popelje vas skozi celotno krivuljo u\u010denja ter tudi krivuljo pozabljanja. Ta znanja vam bodo koristila pri na\u010drtovanju \u010dasa za u\u010denje. Hm, je torej bolje ponavljati ve\u010dkrat po manj ali manjkrat po ve\u010d?<\/p>\n<p>Spoznali boste tudi tvorjenje mnemotehnik, ki vam bodo pomagale pri pomnjenju, ter u\u010dinkovito metodo pou\u010devanja &#8211; UDL ter tehniko zgo\u0161\u010denega u\u010denja.<\/p>\n<p>Prva knji\u017eica <a href=\"https:\/\/www.agencija-lars.si\/trgovina\/izdelek\/kako-se-uciti\/\">Kako se u\u010diti<\/a> je bila zelo dobro sprejeta med vsemi radovedne\u017ei vseh starosti.<br \/>\nObe knji\u017eici spodbujata k razmisleku, zato sta primerna predvsem za starej\u0161e u\u010dence (tretja triada), dijake, \u0161tudente. V\u0161e\u010d bosta tudi vsem tistim, ki u\u017eivajo v spoznavanju novega in s tem spreminjanju svojega pogleda na svet.<br \/>\nNaj bo pogled na svet vedno pozitiven.<\/p>\n<p>Obe knji\u017eici imata 40 strani in sta formata A5.<\/p>\n<p>Z nakupom se strinjate, da postanete prejemniki e-novic z Igri\u0161\u010da ter tako dobite dostop do novih uporabnih znanj za va\u0161e vsakdanje \u017eivljenje.<\/p>\n<p>Knji\u017eici sodita v sklop TOBOGAN na <a href=\"http:\/\/www.agencija-lars.si\/igrisce\">Igri\u0161\u010du<\/a>.<br \/>\nSta prva in tretja od serije knji\u017eic, ki bodo izdane v prihodnjih letih.<\/p>\n<p><em>Z nakupom knji\u017eice podpirate pripravo novih koristnih predavanj, treningov in knji\u017eic za radovedne ljudi.<\/em><\/p>\n","protected":false},"excerpt":{"rendered":"<p><strong>Akcija ZA PETAKA DO ODLI\u010cNJAKA do odprodaje zalog<\/strong><\/p>\n<p>BREZ STRO\u0160KOV PO\u0160TNINE<\/p>\n<p>&nbsp;<\/p>\n<p>Knji\u017eica Kako se u\u010diti 2 in knji\u017eica Kako se u\u010diti za samo <strong>5 \u20ac<\/strong> z DDV brez po\u0161tnine.<\/p>\n<p>&nbsp;<\/p>\n<p>Izkoristite popust do konca leta in pravo\u010dasno spoznajte ve\u0161\u010dino u\u010denja u\u010denja. Koristna znanja in napotki za vse radovedne\u017ee in tiste, ki se morate veliko u\u010diti.<\/p>\n","protected":false},"featured_media":8453,"template":"","meta":[],"product_brand":[],"product_cat":[87],"product_tag":[99,100,97,73,74],"class_list":{"0":"post-8610","1":"product","2":"type-product","3":"status-publish","4":"has-post-thumbnail","6":"product_cat-igrisce","7":"product_tag-kako-se-uciti","8":"product_tag-ucenje","9":"product_tag-akcija","10":"product_tag-igrisce","11":"product_tag-prirocnik","13":"first","14":"instock","15":"sale","16":"taxable","17":"shipping-taxable","18":"purchasable","19":"product-type-simple"},"yoast_head":"<!-- This site is optimized with the Yoast SEO plugin v26.1.1 - https:\/\/yoast.com\/wordpress\/plugins\/seo\/ -->\n<title>Za petaka do odli\u010dnjaka: Kako se u\u010diti in Kako se u\u010diti 2 | Agencija LARS<\/title>\n<meta name=\"description\" content=\"Nau\u010dite se u\u010diti! Premagajte odla\u0161anje! Izkoristite akcijo, ko obe knji\u017enici dobite za samo 5 \u20ac z ddv BREZ po\u0161tnine. Do odprodaje zalog!\" \/>\n<meta name=\"robots\" content=\"index, follow, max-snippet:-1, max-image-preview:large, max-video-preview:-1\" \/>\n<link rel=\"canonical\" href=\"https:\/\/www.agencija-lars.si\/trgovina\/izdelek\/za-petaka-do-odlicnjaka\/\" \/>\n<meta property=\"og:locale\" content=\"sl_SI\" \/>\n<meta property=\"og:type\" content=\"article\" \/>\n<meta property=\"og:title\" content=\"Za petaka do odli\u010dnjaka!\" \/>\n<meta property=\"og:description\" content=\"Izkoristite ugodno ponudbo in se nau\u010dite u\u010diti!\" \/>\n<meta property=\"og:url\" content=\"https:\/\/www.agencija-lars.si\/trgovina\/izdelek\/za-petaka-do-odlicnjaka\/\" \/>\n<meta property=\"og:site_name\" content=\"Agencija LARS\" \/>\n<meta property=\"article:modified_time\" content=\"2026-02-01T18:05:57+00:00\" \/>\n<meta property=\"og:image\" content=\"https:\/\/www.agencija-lars.si\/trgovina\/wp-content\/uploads\/2022\/11\/fboglasksu1in2cp.png\" \/>\n\t<meta property=\"og:image:width\" content=\"1024\" \/>\n\t<meta property=\"og:image:height\" content=\"1024\" \/>\n\t<meta property=\"og:image:type\" content=\"image\/png\" \/>\n<meta name=\"twitter:card\" content=\"summary_large_image\" \/>\n<meta name=\"twitter:label1\" content=\"Est. reading time\" \/>\n\t<meta name=\"twitter:data1\" content=\"3 minute\" \/>\n<script type=\"application\/ld+json\" class=\"yoast-schema-graph\">{\"@context\":\"https:\/\/schema.org\",\"@graph\":[{\"@type\":\"WebPage\",\"@id\":\"https:\/\/www.agencija-lars.si\/trgovina\/izdelek\/za-petaka-do-odlicnjaka\/\",\"url\":\"https:\/\/www.agencija-lars.si\/trgovina\/izdelek\/za-petaka-do-odlicnjaka\/\",\"name\":\"Za petaka do odli\u010dnjaka: Kako se u\u010diti in Kako se u\u010diti 2 | Agencija LARS\",\"isPartOf\":{\"@id\":\"https:\/\/www.agencija-lars.si\/trgovina\/#website\"},\"primaryImageOfPage\":{\"@id\":\"https:\/\/www.agencija-lars.si\/trgovina\/izdelek\/za-petaka-do-odlicnjaka\/#primaryimage\"},\"image\":{\"@id\":\"https:\/\/www.agencija-lars.si\/trgovina\/izdelek\/za-petaka-do-odlicnjaka\/#primaryimage\"},\"thumbnailUrl\":\"https:\/\/www.agencija-lars.si\/trgovina\/wp-content\/uploads\/2022\/11\/fboglasksu1in2cp.png\",\"datePublished\":\"2023-04-07T09:02:12+00:00\",\"dateModified\":\"2026-02-01T18:05:57+00:00\",\"description\":\"Nau\u010dite se u\u010diti! Premagajte odla\u0161anje! Izkoristite akcijo, ko obe knji\u017enici dobite za samo 5 \u20ac z ddv BREZ po\u0161tnine. Do odprodaje zalog!\",\"breadcrumb\":{\"@id\":\"https:\/\/www.agencija-lars.si\/trgovina\/izdelek\/za-petaka-do-odlicnjaka\/#breadcrumb\"},\"inLanguage\":\"sl-SI\",\"potentialAction\":[{\"@type\":\"ReadAction\",\"target\":[\"https:\/\/www.agencija-lars.si\/trgovina\/izdelek\/za-petaka-do-odlicnjaka\/\"]}]},{\"@type\":\"ImageObject\",\"inLanguage\":\"sl-SI\",\"@id\":\"https:\/\/www.agencija-lars.si\/trgovina\/izdelek\/za-petaka-do-odlicnjaka\/#primaryimage\",\"url\":\"https:\/\/www.agencija-lars.si\/trgovina\/wp-content\/uploads\/2022\/11\/fboglasksu1in2cp.png\",\"contentUrl\":\"https:\/\/www.agencija-lars.si\/trgovina\/wp-content\/uploads\/2022\/11\/fboglasksu1in2cp.png\",\"width\":1024,\"height\":1024,\"caption\":\"Akcija\"},{\"@type\":\"BreadcrumbList\",\"@id\":\"https:\/\/www.agencija-lars.si\/trgovina\/izdelek\/za-petaka-do-odlicnjaka\/#breadcrumb\",\"itemListElement\":[{\"@type\":\"ListItem\",\"position\":1,\"name\":\"Domov\",\"item\":\"https:\/\/www.agencija-lars.si\/trgovina\/\"},{\"@type\":\"ListItem\",\"position\":2,\"name\":\"Trgovina\",\"item\":\"https:\/\/www.agencija-lars.si\/trgovina\/\"},{\"@type\":\"ListItem\",\"position\":3,\"name\":\"Za petaka do odli\u010dnjaka: Kako se u\u010diti in Kako se u\u010diti 2\"}]},{\"@type\":\"WebSite\",\"@id\":\"https:\/\/www.agencija-lars.si\/trgovina\/#website\",\"url\":\"https:\/\/www.agencija-lars.si\/trgovina\/\",\"name\":\"Agencija LARS\",\"description\":\"\",\"publisher\":{\"@id\":\"https:\/\/www.agencija-lars.si\/trgovina\/#organization\"},\"potentialAction\":[{\"@type\":\"SearchAction\",\"target\":{\"@type\":\"EntryPoint\",\"urlTemplate\":\"https:\/\/www.agencija-lars.si\/trgovina\/?s={search_term_string}\"},\"query-input\":{\"@type\":\"PropertyValueSpecification\",\"valueRequired\":true,\"valueName\":\"search_term_string\"}}],\"inLanguage\":\"sl-SI\"},{\"@type\":\"Organization\",\"@id\":\"https:\/\/www.agencija-lars.si\/trgovina\/#organization\",\"name\":\"Agencija LARS\",\"url\":\"https:\/\/www.agencija-lars.si\/trgovina\/\",\"logo\":{\"@type\":\"ImageObject\",\"inLanguage\":\"sl-SI\",\"@id\":\"https:\/\/www.agencija-lars.si\/trgovina\/#\/schema\/logo\/image\/\",\"url\":\"https:\/\/www.agencija-lars.si\/trgovina\/wp-content\/uploads\/2021\/11\/logoagencija2021.jpg\",\"contentUrl\":\"https:\/\/www.agencija-lars.si\/trgovina\/wp-content\/uploads\/2021\/11\/logoagencija2021.jpg\",\"width\":430,\"height\":117,\"caption\":\"Agencija LARS\"},\"image\":{\"@id\":\"https:\/\/www.agencija-lars.si\/trgovina\/#\/schema\/logo\/image\/\"}}]}<\/script>\n<!-- \/ Yoast SEO plugin. -->","yoast_head_json":{"title":"Za petaka do odli\u010dnjaka: Kako se u\u010diti in Kako se u\u010diti 2 | Agencija LARS","description":"Nau\u010dite se u\u010diti! Premagajte odla\u0161anje! Izkoristite akcijo, ko obe knji\u017enici dobite za samo 5 \u20ac z ddv BREZ po\u0161tnine. Do odprodaje zalog!","robots":{"index":"index","follow":"follow","max-snippet":"max-snippet:-1","max-image-preview":"max-image-preview:large","max-video-preview":"max-video-preview:-1"},"canonical":"https:\/\/www.agencija-lars.si\/trgovina\/izdelek\/za-petaka-do-odlicnjaka\/","og_locale":"sl_SI","og_type":"article","og_title":"Za petaka do odli\u010dnjaka!","og_description":"Izkoristite ugodno ponudbo in se nau\u010dite u\u010diti!","og_url":"https:\/\/www.agencija-lars.si\/trgovina\/izdelek\/za-petaka-do-odlicnjaka\/","og_site_name":"Agencija LARS","article_modified_time":"2026-02-01T18:05:57+00:00","og_image":[{"width":1024,"height":1024,"url":"https:\/\/www.agencija-lars.si\/trgovina\/wp-content\/uploads\/2022\/11\/fboglasksu1in2cp.png","type":"image\/png"}],"twitter_card":"summary_large_image","twitter_misc":{"Est. reading time":"3 minute"},"schema":{"@context":"https:\/\/schema.org","@graph":[{"@type":"WebPage","@id":"https:\/\/www.agencija-lars.si\/trgovina\/izdelek\/za-petaka-do-odlicnjaka\/","url":"https:\/\/www.agencija-lars.si\/trgovina\/izdelek\/za-petaka-do-odlicnjaka\/","name":"Za petaka do odli\u010dnjaka: Kako se u\u010diti in Kako se u\u010diti 2 | Agencija LARS","isPartOf":{"@id":"https:\/\/www.agencija-lars.si\/trgovina\/#website"},"primaryImageOfPage":{"@id":"https:\/\/www.agencija-lars.si\/trgovina\/izdelek\/za-petaka-do-odlicnjaka\/#primaryimage"},"image":{"@id":"https:\/\/www.agencija-lars.si\/trgovina\/izdelek\/za-petaka-do-odlicnjaka\/#primaryimage"},"thumbnailUrl":"https:\/\/www.agencija-lars.si\/trgovina\/wp-content\/uploads\/2022\/11\/fboglasksu1in2cp.png","datePublished":"2023-04-07T09:02:12+00:00","dateModified":"2026-02-01T18:05:57+00:00","description":"Nau\u010dite se u\u010diti! Premagajte odla\u0161anje! Izkoristite akcijo, ko obe knji\u017enici dobite za samo 5 \u20ac z ddv BREZ po\u0161tnine. Do odprodaje zalog!","breadcrumb":{"@id":"https:\/\/www.agencija-lars.si\/trgovina\/izdelek\/za-petaka-do-odlicnjaka\/#breadcrumb"},"inLanguage":"sl-SI","potentialAction":[{"@type":"ReadAction","target":["https:\/\/www.agencija-lars.si\/trgovina\/izdelek\/za-petaka-do-odlicnjaka\/"]}]},{"@type":"ImageObject","inLanguage":"sl-SI","@id":"https:\/\/www.agencija-lars.si\/trgovina\/izdelek\/za-petaka-do-odlicnjaka\/#primaryimage","url":"https:\/\/www.agencija-lars.si\/trgovina\/wp-content\/uploads\/2022\/11\/fboglasksu1in2cp.png","contentUrl":"https:\/\/www.agencija-lars.si\/trgovina\/wp-content\/uploads\/2022\/11\/fboglasksu1in2cp.png","width":1024,"height":1024,"caption":"Akcija"},{"@type":"BreadcrumbList","@id":"https:\/\/www.agencija-lars.si\/trgovina\/izdelek\/za-petaka-do-odlicnjaka\/#breadcrumb","itemListElement":[{"@type":"ListItem","position":1,"name":"Domov","item":"https:\/\/www.agencija-lars.si\/trgovina\/"},{"@type":"ListItem","position":2,"name":"Trgovina","item":"https:\/\/www.agencija-lars.si\/trgovina\/"},{"@type":"ListItem","position":3,"name":"Za petaka do odli\u010dnjaka: Kako se u\u010diti in Kako se u\u010diti 2"}]},{"@type":"WebSite","@id":"https:\/\/www.agencija-lars.si\/trgovina\/#website","url":"https:\/\/www.agencija-lars.si\/trgovina\/","name":"Agencija LARS","description":"","publisher":{"@id":"https:\/\/www.agencija-lars.si\/trgovina\/#organization"},"potentialAction":[{"@type":"SearchAction","target":{"@type":"EntryPoint","urlTemplate":"https:\/\/www.agencija-lars.si\/trgovina\/?s={search_term_string}"},"query-input":{"@type":"PropertyValueSpecification","valueRequired":true,"valueName":"search_term_string"}}],"inLanguage":"sl-SI"},{"@type":"Organization","@id":"https:\/\/www.agencija-lars.si\/trgovina\/#organization","name":"Agencija LARS","url":"https:\/\/www.agencija-lars.si\/trgovina\/","logo":{"@type":"ImageObject","inLanguage":"sl-SI","@id":"https:\/\/www.agencija-lars.si\/trgovina\/#\/schema\/logo\/image\/","url":"https:\/\/www.agencija-lars.si\/trgovina\/wp-content\/uploads\/2021\/11\/logoagencija2021.jpg","contentUrl":"https:\/\/www.agencija-lars.si\/trgovina\/wp-content\/uploads\/2021\/11\/logoagencija2021.jpg","width":430,"height":117,"caption":"Agencija LARS"},"image":{"@id":"https:\/\/www.agencija-lars.si\/trgovina\/#\/schema\/logo\/image\/"}}]}},"jetpack_sharing_enabled":true,"_links":{"self":[{"href":"https:\/\/www.agencija-lars.si\/trgovina\/wp-json\/wp\/v2\/product\/8610","targetHints":{"allow":["GET"]}}],"collection":[{"href":"https:\/\/www.agencija-lars.si\/trgovina\/wp-json\/wp\/v2\/product"}],"about":[{"href":"https:\/\/www.agencija-lars.si\/trgovina\/wp-json\/wp\/v2\/types\/product"}],"wp:featuredmedia":[{"embeddable":true,"href":"https:\/\/www.agencija-lars.si\/trgovina\/wp-json\/wp\/v2\/media\/8453"}],"wp:attachment":[{"href":"https:\/\/www.agencija-lars.si\/trgovina\/wp-json\/wp\/v2\/media?parent=8610"}],"wp:term":[{"taxonomy":"product_brand","embeddable":true,"href":"https:\/\/www.agencija-lars.si\/trgovina\/wp-json\/wp\/v2\/product_brand?post=8610"},{"taxonomy":"product_cat","embeddable":true,"href":"https:\/\/www.agencija-lars.si\/trgovina\/wp-json\/wp\/v2\/product_cat?post=8610"},{"taxonomy":"product_tag","embeddable":true,"href":"https:\/\/www.agencija-lars.si\/trgovina\/wp-json\/wp\/v2\/product_tag?post=8610"}],"curies":[{"name":"wp","href":"https:\/\/api.w.org\/{rel}","templated":true}]}}