{"id":8450,"date":"2022-11-08T16:25:28","date_gmt":"2022-11-08T15:25:28","guid":{"rendered":"https:\/\/www.agencija-lars.si\/trgovina\/?post_type=product&#038;p=8450"},"modified":"2025-01-29T09:27:24","modified_gmt":"2025-01-29T08:27:24","slug":"akcija-4-prirocniki","status":"publish","type":"product","link":"https:\/\/www.agencija-lars.si\/trgovina\/izdelek\/akcija-4-prirocniki\/","title":{"rendered":"Akcija: \u0160tirje priro\u010dniki za 24,00 \u20ac"},"content":{"rendered":"<p>Agencija LARS je za vas pripravila akcijo, v kateri prejmete paket vseh \u0161tirih priro\u010dnikov za ceno <strong>24,00 \u20ac<\/strong> z DDV.<\/p>\n<p>To pomeni, da poleg najnovej\u0161e knji\u017eice Kako se u\u010diti 2, prejmete tudi knji\u017eici Kako se u\u010diti in Pogajanja v vsakdanjem \u017eivljenju ter Igri\u0161\u010de &#8211; Igraje do u\u010dinkovitega vodenja za samo <strong>24,00 \u20ac<\/strong> z DDV.<\/p>\n<h4><strong><a href=\"https:\/\/www.agencija-lars.si\/trgovina\/izdelek\/kako-se-uciti-2\/\">Kako se u\u010diti 2<\/a><\/strong><\/h4>\n<p>Najnovej\u0161a knji\u017eica <strong><a href=\"https:\/\/www.agencija-lars.si\/trgovina\/izdelek\/kako-se-uciti-2\/\">Kako se u\u010diti 2<\/a><\/strong> vas seznani z bistvenim delom u\u010denja &#8211; ponavljanjem. Ugotovili boste, kako uspe\u0161no tvorite gri\u017eljaje in s tem poskrbite, da znanje dlje \u010dasa ostane v va\u0161em spominu.<\/p>\n<p>Spoznali boste tudi krivuljo u\u010denja, krivuljo pozabljanja, tvorjenje mnemotehnik, u\u010dinkovito metodo pou\u010devanja &#8211; UDL ter tehniko zgo\u0161\u010denega u\u010denja.<\/p>\n<h4><strong><a href=\"https:\/\/www.agencija-lars.si\/trgovina\/izdelek\/kako-se-uciti\/\">Kako se u\u010diti<\/a><\/strong><\/h4>\n<p>Knji\u017eica\u00a0<strong><a href=\"https:\/\/www.agencija-lars.si\/trgovina\/izdelek\/kako-se-uciti\/\">Kako se u\u010diti<\/a><\/strong>\u00a0je namenjena vsem, ki \u017eelite spoznati ve\u0161\u010dino u\u010denja u\u010denja.<\/p>\n<p>Gre za knji\u017eico, v kateri spoznate razliko med u\u010denjem in u\u010denjem u\u010denja ter kaj vse va\u0161i mo\u017egani potrebujejo za u\u010denje.<br \/>\nPonudi tudi koristne tehnike, kako premagati odla\u0161anje in \u0161e nekaj idej, kako se bolj u\u010dinkovito lotiti u\u010denja in dela.<\/p>\n<h4><strong><a href=\"https:\/\/www.agencija-lars.si\/trgovina\/izdelek\/pogajanja-v-vsakdanjem-zivljenju\/\">Pogajanja v vsakdanjem \u017eivljenju<\/a><\/strong><\/h4>\n<p>Knji\u017eica <strong><a href=\"https:\/\/www.agencija-lars.si\/trgovina\/izdelek\/pogajanja-v-vsakdanjem-zivljenju\/\">Pogajanja v vsakdanjem \u017eivljenju<\/a><\/strong> je namenjena vsem, ki \u017eelite spoznati ve\u0161\u010dino pogajanj, ki ni koristna samo v poslovnem svetu, temve\u010d tudi v vsakdanjem \u017eivljenju.<\/p>\n<p>Predstavlja vam osnove, zakonitosti in zna\u010dilnosti pogajanj. Tako boste bolje pripravljeni, ko boste \u017eeleli povi\u0161ico, ko se boste dogovarjali za ceno ali pa preprosto \u017eeleli dose\u010di, da va\u0161 otrok kon\u010dno pospravi sobo. \ud83d\ude42<\/p>\n<h4><strong><a href=\"https:\/\/www.agencija-lars.si\/trgovina\/izdelek\/igrisce\/\">Igri\u0161\u010de &#8211; Igraje do u\u010dinkovitega vodenja va\u0161e nepridobitne organizacije<\/a><\/strong><\/h4>\n<p>Priro\u010dnik<strong> <a href=\"https:\/\/www.agencija-lars.si\/trgovina\/izdelek\/igrisce\/\">Igri\u0161\u010de<\/a><\/strong> predstavlja osnovna na\u010dela neprofitnega mened\u017ementa skozi metaforo otro\u0161kega igri\u0161\u010da. Ima namre\u010d 14 igral, ki jih skupaj obnavljamo. Vsako od igral je pomemben \u010dlen, ki omogo\u010da organizaciji obstanek in razvoj. Dobro je, da se vedno znova zavedamo vseh postaj, ki nas vodijo do uspeha. Oblika priro\u010dnika, metafore in preproste sli\u010dice bralcu pomagajo, da si hitreje zapomni bistveno in tako smeleje na\u010drtuje dejavnosti svoje neprofitne organizacije.\u00a0Za tiste, ki \u0161ele vstopajo v neprofitni svet, bo br\u017ekone pou\u010den. Za izku\u0161ene vodje pa predstavlja druga\u010den, predvsem pa zabaven pogled na vodenje in mened\u017ement.<\/p>\n<p>Zelo nas veseli, ker je bil inovativen koncept Igri\u0161\u010da v letu 2022 zelo dobro sprejet tudi na dveh mednarodnih kongresih v Bratislavi in Amsterdamu, letu 2023 pa v Vilniusu, Zagrebu in v ve\u010d neprofitnih slovenskih organizacijah.<\/p>\n<p><em>Z nakupom knji\u017eice podprete pripravo novih koristnih predavanj, spletnih te\u010dajev, treningov in knji\u017eic za radovedne ljudi.<\/em><\/p>\n<p>Opozorilo kupcem &#8211; v skladu z zakonodajo vas obve\u0161\u010damo, da je bil v \u010dasu od 13. 2. do 29. 2. paket na voljo po ceni 17,00 \u20ac z ddv zaradi obele\u017eitve rojstnega dne zavoda.<\/p>\n","protected":false},"excerpt":{"rendered":"<p>Za vas smo pripravili paket vseh na\u0161ih priro\u010dnikov za samo <strong>24,00 \u20ac z DDV<\/strong>.<\/p>\n<p>Poleg najnovej\u0161ih knji\u017eic <strong>Kako se u\u010diti 2, Kako se u\u010diti<\/strong>\u00a0in <strong>Pogajanja v vsakdanjem \u017eivljenju<\/strong> prejmete tudi <strong>Igri\u0161\u010de &#8211; Igraje do u\u010dinkovitega vodenja.<\/strong><\/p>\n<p><em>Z nakupom podprete pripravo novih webinarjev, predavanj in priro\u010dnikov iz mehkih ve\u0161\u010din.<\/em><\/p>\n<p>Za <strong>samo 24,00 \u20ac<\/strong> do novih koristnih znanj in idej za uspe\u0161no delo.<\/p>\n","protected":false},"featured_media":8451,"template":"","meta":[],"product_brand":[],"product_cat":[87],"product_tag":[97,98,73],"class_list":{"0":"post-8450","1":"product","2":"type-product","3":"status-publish","4":"has-post-thumbnail","6":"product_cat-igrisce","7":"product_tag-akcija","8":"product_tag-ugodno","9":"product_tag-igrisce","11":"first","12":"instock","13":"sale","14":"taxable","15":"shipping-taxable","16":"purchasable","17":"product-type-simple"},"yoast_head":"<!-- This site is optimized with the Yoast SEO plugin v26.1.1 - https:\/\/yoast.com\/wordpress\/plugins\/seo\/ -->\n<title>Akcija: \u0160tirje priro\u010dniki za 24,00 \u20ac | Agencija LARS<\/title>\n<meta name=\"description\" content=\"Akcija! Priro\u010dniki Igri\u0161\u010de, Kako se u\u010diti, Kako se u\u010diti 2 in Pogajanja v vsakdanjem \u017eivljenju za samo 24 \u20ac z DDV.\" \/>\n<meta name=\"robots\" content=\"index, follow, max-snippet:-1, max-image-preview:large, max-video-preview:-1\" \/>\n<link rel=\"canonical\" href=\"https:\/\/www.agencija-lars.si\/trgovina\/izdelek\/akcija-4-prirocniki\/\" \/>\n<meta property=\"og:locale\" content=\"sl_SI\" \/>\n<meta property=\"og:type\" content=\"article\" \/>\n<meta property=\"og:title\" content=\"Akcija: \u0160tirje priro\u010dniki za 24,00 \u20ac | Agencija LARS\" \/>\n<meta property=\"og:description\" content=\"Akcija! Priro\u010dniki Igri\u0161\u010de, Kako se u\u010diti, Kako se u\u010diti 2 in Pogajanja v vsakdanjem \u017eivljenju za samo 24 \u20ac z DDV.\" \/>\n<meta property=\"og:url\" content=\"https:\/\/www.agencija-lars.si\/trgovina\/izdelek\/akcija-4-prirocniki\/\" \/>\n<meta property=\"og:site_name\" content=\"Agencija LARS\" \/>\n<meta property=\"article:modified_time\" content=\"2025-01-29T08:27:24+00:00\" \/>\n<meta property=\"og:image\" content=\"https:\/\/www.agencija-lars.si\/trgovina\/wp-content\/uploads\/2022\/11\/fboglasvse41024.png\" \/>\n\t<meta property=\"og:image:width\" content=\"1024\" \/>\n\t<meta property=\"og:image:height\" content=\"1024\" \/>\n\t<meta property=\"og:image:type\" content=\"image\/png\" \/>\n<meta name=\"twitter:card\" content=\"summary_large_image\" \/>\n<meta name=\"twitter:label1\" content=\"Est. reading time\" \/>\n\t<meta name=\"twitter:data1\" content=\"2 minuti\" \/>\n<script type=\"application\/ld+json\" class=\"yoast-schema-graph\">{\"@context\":\"https:\/\/schema.org\",\"@graph\":[{\"@type\":\"WebPage\",\"@id\":\"https:\/\/www.agencija-lars.si\/trgovina\/izdelek\/akcija-4-prirocniki\/\",\"url\":\"https:\/\/www.agencija-lars.si\/trgovina\/izdelek\/akcija-4-prirocniki\/\",\"name\":\"Akcija: \u0160tirje priro\u010dniki za 24,00 \u20ac | Agencija LARS\",\"isPartOf\":{\"@id\":\"https:\/\/www.agencija-lars.si\/trgovina\/#website\"},\"primaryImageOfPage\":{\"@id\":\"https:\/\/www.agencija-lars.si\/trgovina\/izdelek\/akcija-4-prirocniki\/#primaryimage\"},\"image\":{\"@id\":\"https:\/\/www.agencija-lars.si\/trgovina\/izdelek\/akcija-4-prirocniki\/#primaryimage\"},\"thumbnailUrl\":\"https:\/\/www.agencija-lars.si\/trgovina\/wp-content\/uploads\/2022\/11\/fboglasvse41024.png\",\"datePublished\":\"2022-11-08T15:25:28+00:00\",\"dateModified\":\"2025-01-29T08:27:24+00:00\",\"description\":\"Akcija! Priro\u010dniki Igri\u0161\u010de, Kako se u\u010diti, Kako se u\u010diti 2 in Pogajanja v vsakdanjem \u017eivljenju za samo 24 \u20ac z DDV.\",\"breadcrumb\":{\"@id\":\"https:\/\/www.agencija-lars.si\/trgovina\/izdelek\/akcija-4-prirocniki\/#breadcrumb\"},\"inLanguage\":\"sl-SI\",\"potentialAction\":[{\"@type\":\"ReadAction\",\"target\":[\"https:\/\/www.agencija-lars.si\/trgovina\/izdelek\/akcija-4-prirocniki\/\"]}]},{\"@type\":\"ImageObject\",\"inLanguage\":\"sl-SI\",\"@id\":\"https:\/\/www.agencija-lars.si\/trgovina\/izdelek\/akcija-4-prirocniki\/#primaryimage\",\"url\":\"https:\/\/www.agencija-lars.si\/trgovina\/wp-content\/uploads\/2022\/11\/fboglasvse41024.png\",\"contentUrl\":\"https:\/\/www.agencija-lars.si\/trgovina\/wp-content\/uploads\/2022\/11\/fboglasvse41024.png\",\"width\":1024,\"height\":1024,\"caption\":\"Akcija\"},{\"@type\":\"BreadcrumbList\",\"@id\":\"https:\/\/www.agencija-lars.si\/trgovina\/izdelek\/akcija-4-prirocniki\/#breadcrumb\",\"itemListElement\":[{\"@type\":\"ListItem\",\"position\":1,\"name\":\"Domov\",\"item\":\"https:\/\/www.agencija-lars.si\/trgovina\/\"},{\"@type\":\"ListItem\",\"position\":2,\"name\":\"Trgovina\",\"item\":\"https:\/\/www.agencija-lars.si\/trgovina\/\"},{\"@type\":\"ListItem\",\"position\":3,\"name\":\"Akcija: \u0160tirje priro\u010dniki za 24,00 \u20ac\"}]},{\"@type\":\"WebSite\",\"@id\":\"https:\/\/www.agencija-lars.si\/trgovina\/#website\",\"url\":\"https:\/\/www.agencija-lars.si\/trgovina\/\",\"name\":\"Agencija LARS\",\"description\":\"\",\"publisher\":{\"@id\":\"https:\/\/www.agencija-lars.si\/trgovina\/#organization\"},\"potentialAction\":[{\"@type\":\"SearchAction\",\"target\":{\"@type\":\"EntryPoint\",\"urlTemplate\":\"https:\/\/www.agencija-lars.si\/trgovina\/?s={search_term_string}\"},\"query-input\":{\"@type\":\"PropertyValueSpecification\",\"valueRequired\":true,\"valueName\":\"search_term_string\"}}],\"inLanguage\":\"sl-SI\"},{\"@type\":\"Organization\",\"@id\":\"https:\/\/www.agencija-lars.si\/trgovina\/#organization\",\"name\":\"Agencija LARS\",\"url\":\"https:\/\/www.agencija-lars.si\/trgovina\/\",\"logo\":{\"@type\":\"ImageObject\",\"inLanguage\":\"sl-SI\",\"@id\":\"https:\/\/www.agencija-lars.si\/trgovina\/#\/schema\/logo\/image\/\",\"url\":\"https:\/\/www.agencija-lars.si\/trgovina\/wp-content\/uploads\/2021\/11\/logoagencija2021.jpg\",\"contentUrl\":\"https:\/\/www.agencija-lars.si\/trgovina\/wp-content\/uploads\/2021\/11\/logoagencija2021.jpg\",\"width\":430,\"height\":117,\"caption\":\"Agencija LARS\"},\"image\":{\"@id\":\"https:\/\/www.agencija-lars.si\/trgovina\/#\/schema\/logo\/image\/\"}}]}<\/script>\n<!-- \/ Yoast SEO plugin. -->","yoast_head_json":{"title":"Akcija: \u0160tirje priro\u010dniki za 24,00 \u20ac | Agencija LARS","description":"Akcija! Priro\u010dniki Igri\u0161\u010de, Kako se u\u010diti, Kako se u\u010diti 2 in Pogajanja v vsakdanjem \u017eivljenju za samo 24 \u20ac z DDV.","robots":{"index":"index","follow":"follow","max-snippet":"max-snippet:-1","max-image-preview":"max-image-preview:large","max-video-preview":"max-video-preview:-1"},"canonical":"https:\/\/www.agencija-lars.si\/trgovina\/izdelek\/akcija-4-prirocniki\/","og_locale":"sl_SI","og_type":"article","og_title":"Akcija: \u0160tirje priro\u010dniki za 24,00 \u20ac | Agencija LARS","og_description":"Akcija! Priro\u010dniki Igri\u0161\u010de, Kako se u\u010diti, Kako se u\u010diti 2 in Pogajanja v vsakdanjem \u017eivljenju za samo 24 \u20ac z DDV.","og_url":"https:\/\/www.agencija-lars.si\/trgovina\/izdelek\/akcija-4-prirocniki\/","og_site_name":"Agencija LARS","article_modified_time":"2025-01-29T08:27:24+00:00","og_image":[{"width":1024,"height":1024,"url":"https:\/\/www.agencija-lars.si\/trgovina\/wp-content\/uploads\/2022\/11\/fboglasvse41024.png","type":"image\/png"}],"twitter_card":"summary_large_image","twitter_misc":{"Est. reading time":"2 minuti"},"schema":{"@context":"https:\/\/schema.org","@graph":[{"@type":"WebPage","@id":"https:\/\/www.agencija-lars.si\/trgovina\/izdelek\/akcija-4-prirocniki\/","url":"https:\/\/www.agencija-lars.si\/trgovina\/izdelek\/akcija-4-prirocniki\/","name":"Akcija: \u0160tirje priro\u010dniki za 24,00 \u20ac | Agencija LARS","isPartOf":{"@id":"https:\/\/www.agencija-lars.si\/trgovina\/#website"},"primaryImageOfPage":{"@id":"https:\/\/www.agencija-lars.si\/trgovina\/izdelek\/akcija-4-prirocniki\/#primaryimage"},"image":{"@id":"https:\/\/www.agencija-lars.si\/trgovina\/izdelek\/akcija-4-prirocniki\/#primaryimage"},"thumbnailUrl":"https:\/\/www.agencija-lars.si\/trgovina\/wp-content\/uploads\/2022\/11\/fboglasvse41024.png","datePublished":"2022-11-08T15:25:28+00:00","dateModified":"2025-01-29T08:27:24+00:00","description":"Akcija! Priro\u010dniki Igri\u0161\u010de, Kako se u\u010diti, Kako se u\u010diti 2 in Pogajanja v vsakdanjem \u017eivljenju za samo 24 \u20ac z DDV.","breadcrumb":{"@id":"https:\/\/www.agencija-lars.si\/trgovina\/izdelek\/akcija-4-prirocniki\/#breadcrumb"},"inLanguage":"sl-SI","potentialAction":[{"@type":"ReadAction","target":["https:\/\/www.agencija-lars.si\/trgovina\/izdelek\/akcija-4-prirocniki\/"]}]},{"@type":"ImageObject","inLanguage":"sl-SI","@id":"https:\/\/www.agencija-lars.si\/trgovina\/izdelek\/akcija-4-prirocniki\/#primaryimage","url":"https:\/\/www.agencija-lars.si\/trgovina\/wp-content\/uploads\/2022\/11\/fboglasvse41024.png","contentUrl":"https:\/\/www.agencija-lars.si\/trgovina\/wp-content\/uploads\/2022\/11\/fboglasvse41024.png","width":1024,"height":1024,"caption":"Akcija"},{"@type":"BreadcrumbList","@id":"https:\/\/www.agencija-lars.si\/trgovina\/izdelek\/akcija-4-prirocniki\/#breadcrumb","itemListElement":[{"@type":"ListItem","position":1,"name":"Domov","item":"https:\/\/www.agencija-lars.si\/trgovina\/"},{"@type":"ListItem","position":2,"name":"Trgovina","item":"https:\/\/www.agencija-lars.si\/trgovina\/"},{"@type":"ListItem","position":3,"name":"Akcija: \u0160tirje priro\u010dniki za 24,00 \u20ac"}]},{"@type":"WebSite","@id":"https:\/\/www.agencija-lars.si\/trgovina\/#website","url":"https:\/\/www.agencija-lars.si\/trgovina\/","name":"Agencija LARS","description":"","publisher":{"@id":"https:\/\/www.agencija-lars.si\/trgovina\/#organization"},"potentialAction":[{"@type":"SearchAction","target":{"@type":"EntryPoint","urlTemplate":"https:\/\/www.agencija-lars.si\/trgovina\/?s={search_term_string}"},"query-input":{"@type":"PropertyValueSpecification","valueRequired":true,"valueName":"search_term_string"}}],"inLanguage":"sl-SI"},{"@type":"Organization","@id":"https:\/\/www.agencija-lars.si\/trgovina\/#organization","name":"Agencija LARS","url":"https:\/\/www.agencija-lars.si\/trgovina\/","logo":{"@type":"ImageObject","inLanguage":"sl-SI","@id":"https:\/\/www.agencija-lars.si\/trgovina\/#\/schema\/logo\/image\/","url":"https:\/\/www.agencija-lars.si\/trgovina\/wp-content\/uploads\/2021\/11\/logoagencija2021.jpg","contentUrl":"https:\/\/www.agencija-lars.si\/trgovina\/wp-content\/uploads\/2021\/11\/logoagencija2021.jpg","width":430,"height":117,"caption":"Agencija LARS"},"image":{"@id":"https:\/\/www.agencija-lars.si\/trgovina\/#\/schema\/logo\/image\/"}}]}},"jetpack_sharing_enabled":true,"_links":{"self":[{"href":"https:\/\/www.agencija-lars.si\/trgovina\/wp-json\/wp\/v2\/product\/8450","targetHints":{"allow":["GET"]}}],"collection":[{"href":"https:\/\/www.agencija-lars.si\/trgovina\/wp-json\/wp\/v2\/product"}],"about":[{"href":"https:\/\/www.agencija-lars.si\/trgovina\/wp-json\/wp\/v2\/types\/product"}],"wp:featuredmedia":[{"embeddable":true,"href":"https:\/\/www.agencija-lars.si\/trgovina\/wp-json\/wp\/v2\/media\/8451"}],"wp:attachment":[{"href":"https:\/\/www.agencija-lars.si\/trgovina\/wp-json\/wp\/v2\/media?parent=8450"}],"wp:term":[{"taxonomy":"product_brand","embeddable":true,"href":"https:\/\/www.agencija-lars.si\/trgovina\/wp-json\/wp\/v2\/product_brand?post=8450"},{"taxonomy":"product_cat","embeddable":true,"href":"https:\/\/www.agencija-lars.si\/trgovina\/wp-json\/wp\/v2\/product_cat?post=8450"},{"taxonomy":"product_tag","embeddable":true,"href":"https:\/\/www.agencija-lars.si\/trgovina\/wp-json\/wp\/v2\/product_tag?post=8450"}],"curies":[{"name":"wp","href":"https:\/\/api.w.org\/{rel}","templated":true}]}}