{"id":12967,"date":"2023-04-03T08:53:04","date_gmt":"2023-04-03T06:53:04","guid":{"rendered":"https:\/\/www.agencija-lars.si\/tecaji\/?page_id=12967"},"modified":"2023-04-10T13:31:49","modified_gmt":"2023-04-10T11:31:49","slug":"domov","status":"publish","type":"page","link":"https:\/\/www.agencija-lars.si\/tecaji\/","title":{"rendered":"Domov"},"content":{"rendered":"\t\t<div data-elementor-type=\"wp-page\" data-elementor-id=\"12967\" class=\"elementor elementor-12967\">\n\t\t\t\t\t\t\t\t\t<section class=\"elementor-section elementor-top-section elementor-element elementor-element-475302c2 elementor-section-full_width elementor-section-stretched elementor-section-height-default elementor-section-height-default\" data-id=\"475302c2\" data-element_type=\"section\" data-settings=\"{&quot;background_background&quot;:&quot;classic&quot;,&quot;stretch_section&quot;:&quot;section-stretched&quot;}\">\n\t\t\t\t\t\t<div class=\"elementor-container elementor-column-gap-default\">\n\t\t\t\t\t<div class=\"elementor-column elementor-col-100 elementor-top-column elementor-element elementor-element-74538650\" data-id=\"74538650\" data-element_type=\"column\">\n\t\t\t<div class=\"elementor-widget-wrap elementor-element-populated\">\n\t\t\t\t\t\t\t\t<section class=\"elementor-section elementor-inner-section elementor-element elementor-element-43a3fd4e elementor-section-content-middle elementor-section-boxed elementor-section-height-default elementor-section-height-default\" data-id=\"43a3fd4e\" data-element_type=\"section\">\n\t\t\t\t\t\t<div class=\"elementor-container elementor-column-gap-default\">\n\t\t\t\t\t<div class=\"elementor-column elementor-col-100 elementor-inner-column elementor-element elementor-element-7b699aa\" data-id=\"7b699aa\" data-element_type=\"column\">\n\t\t\t<div class=\"elementor-widget-wrap\">\n\t\t\t\t\t\t\t\t\t<\/div>\n\t\t<\/div>\n\t\t\t\t\t\t\t<\/div>\n\t\t<\/section>\n\t\t\t\t<section class=\"elementor-section elementor-inner-section elementor-element elementor-element-790bfb8f elementor-section-content-middle elementor-section-boxed elementor-section-height-default elementor-section-height-default\" data-id=\"790bfb8f\" data-element_type=\"section\">\n\t\t\t\t\t\t<div class=\"elementor-container elementor-column-gap-default\">\n\t\t\t\t\t<div class=\"elementor-column elementor-col-100 elementor-inner-column elementor-element elementor-element-30f372c0\" data-id=\"30f372c0\" data-element_type=\"column\">\n\t\t\t<div class=\"elementor-widget-wrap elementor-element-populated\">\n\t\t\t\t\t\t\t\t<div class=\"elementor-element elementor-element-2f26b98e elementor-widget elementor-widget-rs-heading\" data-id=\"2f26b98e\" data-element_type=\"widget\" data-widget_type=\"rs-heading.default\">\n\t\t\t\t<div class=\"elementor-widget-container\">\n\t\t\t        <div class=\"rs-heading default center\">\n        \t<div class=\"title-inner\">\n        \t\t      \t\t\n\t            <span class=\"sub-text \">Kliknite na te\u010daj zdaj<\/span><h2 class=\"title\"><span class=\"watermark\"><\/span>Nau\u010dite se u\u010diti<\/h2>\t        <\/div>\n\t                    \t<div class=\"description\">\n            \t\t<p>Za vas smo pripravili te\u010daj ve\u0161\u010dine u\u010denja u\u010denja!<\/p>            \t\t\n            \t<\/div>\n        \t        <\/div>\n        \t\t<\/div>\n\t\t\t\t<\/div>\n\t\t\t\t<div class=\"elementor-element elementor-element-4199b2f9 rs-testimonial--left elementor-widget elementor-widget-rs-course-grid-ld\" data-id=\"4199b2f9\" data-element_type=\"widget\" data-widget_type=\"rs-course-grid-ld.default\">\n\t\t\t\t<div class=\"elementor-widget-container\">\n\t\t\t\n         \n\t\t\n\t\t<div class=\"rs-courses e-dash-courses rs_course_style5\">\t\n\t\t\t<div class=\"row grids\">\n\t\t\t\t\t  \n                                      \n                        \n               \n                        <div class=\"cource-block col-lg-4 col-md-6 col-sm-12\">\n                            <div class=\"courses-item\">\n                                <div class=\"img-part\">\n                                    <a href=\"https:\/\/www.agencija-lars.si\/tecaji\/courses\/ucenje-ucenja\/\"> <img width=\"640\" height=\"360\" src=\"https:\/\/www.agencija-lars.si\/tecaji\/wp-content\/uploads\/2022\/09\/posnetek-zaslona-586.png\" class=\"attachment-large size-large wp-post-image\" alt=\"\" decoding=\"async\" loading=\"lazy\" \/><\/a>\n                                <\/div>\n                                <div class=\"content-part e-style-5\">\n                                    <span class=\"price\">25,00 \u20ac<\/span>                                   \n                                    <h3 class=\"title\">\n                                        <a href=\"https:\/\/www.agencija-lars.si\/tecaji\/courses\/ucenje-ucenja\/\">Kako se u\u010diti?<\/a>\n                                    <\/h3>\n\n                                     \n\n                                    <ul class=\"meta-part meta-part-edash\">\n                                        <li class=\"price\">\n                                            <i class=\"fa fa-book eb-icon\"><\/i>\n                                             <a href=\"https:\/\/www.agencija-lars.si\/tecaji\/course-category\/igrisce\/\" rel=\"tag\">Igri\u0161\u010de<\/a>                                        <\/li>\n                                                                                <li class=\"btn-part\">\n                                            <a href=\"https:\/\/www.agencija-lars.si\/tecaji\/courses\/ucenje-ucenja\/\"><i class=\"flaticon-right-arrow\"><\/i><\/a>\n                                        <\/li>  \n                                                                          \n                                    <\/ul>    \n                                    \n                                <\/div>\n                            <\/div>\n                        <\/div>\n                      \t\t\t\n\t\t   <\/div>  \n\t\t<\/div>\t\t\n\t\t\t\t<\/div>\n\t\t\t\t<\/div>\n\t\t\t\t\t<\/div>\n\t\t<\/div>\n\t\t\t\t\t\t\t<\/div>\n\t\t<\/section>\n\t\t\t\t<section class=\"elementor-section elementor-inner-section elementor-element elementor-element-41aa2a95 elementor-section-content-middle elementor-section-boxed elementor-section-height-default elementor-section-height-default\" data-id=\"41aa2a95\" data-element_type=\"section\">\n\t\t\t\t\t\t<div class=\"elementor-container elementor-column-gap-default\">\n\t\t\t\t\t<div class=\"elementor-column elementor-col-100 elementor-inner-column elementor-element elementor-element-13e38a63\" data-id=\"13e38a63\" data-element_type=\"column\">\n\t\t\t<div class=\"elementor-widget-wrap elementor-element-populated\">\n\t\t\t\t\t\t\t\t<div class=\"elementor-element elementor-element-29e4fcf6 elementor-widget elementor-widget-rs-button\" data-id=\"29e4fcf6\" data-element_type=\"widget\" data-widget_type=\"rs-button.default\">\n\t\t\t\t<div class=\"elementor-widget-container\">\n\t\t\t\t\n\t\t\n\t\t<div class=\"rs-view-btn\">\n\t\t\t\t\t\t<a class=\"rs-btn rs-btnblack rs-btn-style1\" href=\"https:\/\/www.agencija-lars.si\/tecaji\/courses\/\" >\t\t\t\t\n\t\t\t\t<span class=\"rs_btn__text\"><span class=\"btn_text\">VSI TE\u010cAJI<\/span><\/span>\n\t\t\t<\/a>\n\t\t<\/div>    \n\t\t\t<\/div>\n\t\t\t\t<\/div>\n\t\t\t\t\t<\/div>\n\t\t<\/div>\n\t\t\t\t\t\t\t<\/div>\n\t\t<\/section>\n\t\t\t\t\t<\/div>\n\t\t<\/div>\n\t\t\t\t\t\t\t<\/div>\n\t\t<\/section>\n\t\t\t\t\t\t\t<\/div>\n\t\t","protected":false},"excerpt":{"rendered":"<p>Kliknite na te\u010daj zdaj Nau\u010dite se u\u010diti Za vas smo pripravili te\u010daj ve\u0161\u010dine u\u010denja u\u010denja! Enrolled Kako se u\u010diti? Igri\u0161\u010de Enrolled Pridobivanje Sredstev VSI TE\u010cAJI<\/p>\n","protected":false},"author":1,"featured_media":0,"parent":0,"menu_order":2,"comment_status":"closed","ping_status":"closed","template":"","meta":[],"_links":{"self":[{"href":"https:\/\/www.agencija-lars.si\/tecaji\/wp-json\/wp\/v2\/pages\/12967"}],"collection":[{"href":"https:\/\/www.agencija-lars.si\/tecaji\/wp-json\/wp\/v2\/pages"}],"about":[{"href":"https:\/\/www.agencija-lars.si\/tecaji\/wp-json\/wp\/v2\/types\/page"}],"author":[{"embeddable":true,"href":"https:\/\/www.agencija-lars.si\/tecaji\/wp-json\/wp\/v2\/users\/1"}],"replies":[{"embeddable":true,"href":"https:\/\/www.agencija-lars.si\/tecaji\/wp-json\/wp\/v2\/comments?post=12967"}],"version-history":[{"count":5,"href":"https:\/\/www.agencija-lars.si\/tecaji\/wp-json\/wp\/v2\/pages\/12967\/revisions"}],"predecessor-version":[{"id":13112,"href":"https:\/\/www.agencija-lars.si\/tecaji\/wp-json\/wp\/v2\/pages\/12967\/revisions\/13112"}],"wp:attachment":[{"href":"https:\/\/www.agencija-lars.si\/tecaji\/wp-json\/wp\/v2\/media?parent=12967"}],"curies":[{"name":"wp","href":"https:\/\/api.w.org\/{rel}","templated":true}]}}